{"id":75,"date":"2021-02-08T15:09:51","date_gmt":"2021-02-08T15:09:51","guid":{"rendered":"https:\/\/biocibus.bio\/?page_id=75"},"modified":"2021-03-04T15:37:33","modified_gmt":"2021-03-04T15:37:33","slug":"biocibus-es","status":"publish","type":"page","link":"https:\/\/biocibus.bio\/?page_id=75","title":{"rendered":"Biocibus ES"},"content":{"rendered":"\t\t<div data-elementor-type=\"wp-page\" data-elementor-id=\"75\" class=\"elementor elementor-75\" data-elementor-settings=\"[]\">\n\t\t\t\t\t\t\t<div class=\"elementor-section-wrap\">\n\t\t\t\t\t\t\t<section class=\"elementor-section elementor-top-section elementor-element elementor-element-5bfc7047 elementor-section-height-min-height elementor-section-content-middle elementor-section-boxed elementor-section-height-default elementor-section-items-middle\" data-id=\"5bfc7047\" data-element_type=\"section\" data-settings=\"{&quot;background_background&quot;:&quot;classic&quot;}\">\n\t\t\t\t\t\t\t<div class=\"elementor-background-overlay\"><\/div>\n\t\t\t\t\t\t\t<div class=\"elementor-container elementor-column-gap-default\">\n\t\t\t\t\t<div class=\"elementor-column elementor-col-100 elementor-top-column elementor-element elementor-element-22df6d05\" data-id=\"22df6d05\" data-element_type=\"column\">\n\t\t\t<div class=\"elementor-widget-wrap elementor-element-populated\">\n\t\t\t\t\t\t\t\t<div class=\"elementor-element elementor-element-27a83c1f elementor-widget elementor-widget-heading\" data-id=\"27a83c1f\" data-element_type=\"widget\" data-widget_type=\"heading.default\">\n\t\t\t\t<div class=\"elementor-widget-container\">\n\t\t\t<h6 class=\"elementor-heading-title elementor-size-default\">BIOCIBUS<\/h6>\t\t<\/div>\n\t\t\t\t<\/div>\n\t\t\t\t<div class=\"elementor-element elementor-element-2a979a1 elementor-invisible elementor-widget elementor-widget-heading\" data-id=\"2a979a1\" data-element_type=\"widget\" data-settings=\"{&quot;_animation&quot;:&quot;fadeIn&quot;}\" data-widget_type=\"heading.default\">\n\t\t\t\t<div class=\"elementor-widget-container\">\n\t\t\t<h2 class=\"elementor-heading-title elementor-size-default\">Somos una empresa familiar, con una larga tradici\u00f3n en la elaboraci\u00f3n <br>de alimentos mediante procesos artesanales.<\/h2>\t\t<\/div>\n\t\t\t\t<\/div>\n\t\t\t\t\t<\/div>\n\t\t<\/div>\n\t\t\t\t\t\t\t<\/div>\n\t\t<\/section>\n\t\t\t\t<section class=\"elementor-section elementor-top-section elementor-element elementor-element-d927a57 elementor-section-boxed elementor-section-height-default elementor-section-height-default elementor-invisible\" data-id=\"d927a57\" data-element_type=\"section\" data-settings=\"{&quot;animation&quot;:&quot;fadeIn&quot;}\">\n\t\t\t\t\t\t\t<div class=\"elementor-background-overlay\"><\/div>\n\t\t\t\t\t\t\t<div class=\"elementor-container elementor-column-gap-default\">\n\t\t\t\t\t<div class=\"elementor-column elementor-col-100 elementor-top-column elementor-element elementor-element-39e5936\" data-id=\"39e5936\" data-element_type=\"column\">\n\t\t\t<div class=\"elementor-widget-wrap elementor-element-populated\">\n\t\t\t\t\t\t\t\t<div class=\"elementor-element elementor-element-b85a14c elementor-widget elementor-widget-text-editor\" data-id=\"b85a14c\" data-element_type=\"widget\" data-widget_type=\"text-editor.default\">\n\t\t\t\t<div class=\"elementor-widget-container\">\n\t\t\t\t\t<div class=\"elementor-text-editor elementor-clearfix\"><p><em>Somos calidad,<\/em><\/p><p><span>e<\/span><span style=\"letter-spacing: 0.3px;\">laboramos caldos, salsas,\u00a0<\/span><span style=\"letter-spacing: 0.3px;\">pat\u00e9s\u00a0<\/span><span style=\"letter-spacing: 0.3px;\">y mermeladas\u00a0<\/span><span style=\"letter-spacing: 0.3px;\">100% ecol\u00f3gicas<\/span><\/p><\/div>\n\t\t\t\t<\/div>\n\t\t\t\t<\/div>\n\t\t\t\t<div class=\"elementor-element elementor-element-22f21fa elementor-widget elementor-widget-text-editor\" data-id=\"22f21fa\" data-element_type=\"widget\" data-widget_type=\"text-editor.default\">\n\t\t\t\t<div class=\"elementor-widget-container\">\n\t\t\t\t\t<div class=\"elementor-text-editor elementor-clearfix\"><p>Tres marcas con un mismo origen y una misma filosof\u00eda:<\/p><p>Ofrecer la m\u00e1xima calidad, con los mejores ingredientes, ecol\u00f3gicos y de proximidad.<\/p><p>\u00a0<\/p><p>\u00a0<\/p><p>Hemos conservado muchas de las recetas tradicionales, pero tambi\u00e9n nos gusta evolucionarlas, incorporando nuevos ingredientes, consiguiendo unos sabores m\u00e1s aut\u00e9nticos y\u00a0personales.<\/p><\/div>\n\t\t\t\t<\/div>\n\t\t\t\t<\/div>\n\t\t\t\t\t<\/div>\n\t\t<\/div>\n\t\t\t\t\t\t\t<\/div>\n\t\t<\/section>\n\t\t\t\t<section class=\"elementor-section elementor-top-section elementor-element elementor-element-4589d3bd elementor-section-content-middle elementor-reverse-mobile elementor-section-boxed elementor-section-height-default elementor-section-height-default\" data-id=\"4589d3bd\" data-element_type=\"section\" data-settings=\"{&quot;background_background&quot;:&quot;classic&quot;}\">\n\t\t\t\t\t\t<div class=\"elementor-container elementor-column-gap-no\">\n\t\t\t\t\t<div class=\"elementor-column elementor-col-33 elementor-top-column elementor-element elementor-element-5604c5d2\" data-id=\"5604c5d2\" data-element_type=\"column\" data-settings=\"{&quot;background_background&quot;:&quot;classic&quot;}\">\n\t\t\t<div class=\"elementor-widget-wrap elementor-element-populated\">\n\t\t\t\t\t\t\t\t<div class=\"elementor-element elementor-element-9900348 elementor-widget elementor-widget-image\" data-id=\"9900348\" data-element_type=\"widget\" data-widget_type=\"image.default\">\n\t\t\t\t<div class=\"elementor-widget-container\">\n\t\t\t\t\t<div class=\"elementor-image\">\n\t\t\t\t\t\t\t\t\t\t\t<a href=\"https:\/\/www.cangarriga.cat\">\n\t\t\t\t\t\t\t<img width=\"306\" height=\"139\" src=\"https:\/\/biocibus.bio\/wp-content\/uploads\/2021\/03\/Logo-01-3.png\" class=\"attachment-large size-large\" alt=\"\" loading=\"lazy\" srcset=\"https:\/\/biocibus.bio\/wp-content\/uploads\/2021\/03\/Logo-01-3.png 306w, https:\/\/biocibus.bio\/wp-content\/uploads\/2021\/03\/Logo-01-3-300x136.png 300w\" sizes=\"(max-width: 306px) 100vw, 306px\" style=\"width:100%;height:45.42%;max-width:306px;\" \/>\t\t\t\t\t\t\t\t<\/a>\n\t\t\t\t\t\t\t\t\t\t\t<\/div>\n\t\t\t\t<\/div>\n\t\t\t\t<\/div>\n\t\t\t\t<div class=\"elementor-element elementor-element-1055237 elementor-invisible elementor-widget elementor-widget-image\" data-id=\"1055237\" data-element_type=\"widget\" data-settings=\"{&quot;_animation&quot;:&quot;fadeIn&quot;}\" data-widget_type=\"image.default\">\n\t\t\t\t<div class=\"elementor-widget-container\">\n\t\t\t\t\t<div class=\"elementor-image\">\n\t\t\t\t\t\t\t\t\t\t\t<a href=\"http:\/\/www.cangarriga.cat\" target=\"_blank\">\n\t\t\t\t\t\t\t<img src=\"https:\/\/biocibus.bio\/wp-content\/uploads\/elementor\/thumbs\/Captura-de-pantalla-2020-06-17-a-las-13.23.31-2-p3pzsxhybv8cmo4b9pxwnwf5lr2abmq4khjd9cvqmg.png\" title=\"Captura de pantalla 2020-06-17 a las 13.23.31\" alt=\"Captura de pantalla 2020-06-17 a las 13.23.31\" class=\"elementor-animation-shrink\" \/>\t\t\t\t\t\t\t\t<\/a>\n\t\t\t\t\t\t\t\t\t\t\t<\/div>\n\t\t\t\t<\/div>\n\t\t\t\t<\/div>\n\t\t\t\t<div class=\"elementor-element elementor-element-267409a elementor-widget elementor-widget-text-editor\" data-id=\"267409a\" data-element_type=\"widget\" data-widget_type=\"text-editor.default\">\n\t\t\t\t<div class=\"elementor-widget-container\">\n\t\t\t\t\t<div class=\"elementor-text-editor elementor-clearfix\"><p>Can Garriga ofrece caldos ecol\u00f3gicos de receta premium de gran calidad.\u00a0<\/p><\/div>\n\t\t\t\t<\/div>\n\t\t\t\t<\/div>\n\t\t\t\t<div class=\"elementor-element elementor-element-677ecbf elementor-align-center elementor-widget elementor-widget-button\" data-id=\"677ecbf\" data-element_type=\"widget\" data-widget_type=\"button.default\">\n\t\t\t\t<div class=\"elementor-widget-container\">\n\t\t\t\t\t<div class=\"elementor-button-wrapper\">\n\t\t\t<a href=\"http:\/\/www.cangarriga.cat\" target=\"_blank\" class=\"elementor-button-link elementor-button elementor-size-sm elementor-animation-shrink\" role=\"button\">\n\t\t\t\t\t\t<span class=\"elementor-button-content-wrapper\">\n\t\t\t\t\t\t<span class=\"elementor-button-text\">Ver m\u00e1s<\/span>\n\t\t<\/span>\n\t\t\t\t\t<\/a>\n\t\t<\/div>\n\t\t\t\t<\/div>\n\t\t\t\t<\/div>\n\t\t\t\t\t<\/div>\n\t\t<\/div>\n\t\t\t\t<div class=\"elementor-column elementor-col-33 elementor-top-column elementor-element elementor-element-6ac434b\" data-id=\"6ac434b\" data-element_type=\"column\" data-settings=\"{&quot;background_background&quot;:&quot;classic&quot;}\">\n\t\t\t<div class=\"elementor-widget-wrap elementor-element-populated\">\n\t\t\t\t\t\t\t\t<div class=\"elementor-element elementor-element-c476185 elementor-widget elementor-widget-image\" data-id=\"c476185\" data-element_type=\"widget\" data-widget_type=\"image.default\">\n\t\t\t\t<div class=\"elementor-widget-container\">\n\t\t\t\t\t<div class=\"elementor-image\">\n\t\t\t\t\t\t\t\t\t\t\t<a href=\"http:\/\/www.caldus.bio\">\n\t\t\t\t\t\t\t<img width=\"306\" height=\"139\" src=\"https:\/\/biocibus.bio\/wp-content\/uploads\/2021\/03\/Logo-02-1.png\" class=\"attachment-large size-large\" alt=\"\" loading=\"lazy\" srcset=\"https:\/\/biocibus.bio\/wp-content\/uploads\/2021\/03\/Logo-02-1.png 306w, https:\/\/biocibus.bio\/wp-content\/uploads\/2021\/03\/Logo-02-1-300x136.png 300w\" sizes=\"(max-width: 306px) 100vw, 306px\" style=\"width:100%;height:45.42%;max-width:306px;\" \/>\t\t\t\t\t\t\t\t<\/a>\n\t\t\t\t\t\t\t\t\t\t\t<\/div>\n\t\t\t\t<\/div>\n\t\t\t\t<\/div>\n\t\t\t\t<div class=\"elementor-element elementor-element-07ed67a elementor-invisible elementor-widget elementor-widget-image\" data-id=\"07ed67a\" data-element_type=\"widget\" data-settings=\"{&quot;_animation&quot;:&quot;fadeIn&quot;}\" data-widget_type=\"image.default\">\n\t\t\t\t<div class=\"elementor-widget-container\">\n\t\t\t\t\t<div class=\"elementor-image\">\n\t\t\t\t\t\t\t\t\t\t\t<a href=\"http:\/\/www.caldus.bio\" target=\"_blank\">\n\t\t\t\t\t\t\t<img src=\"https:\/\/biocibus.bio\/wp-content\/uploads\/elementor\/thumbs\/Captura-de-pantalla-2020-06-17-a-las-13.21.15-p2k5w36ce1xrgnaq6x5ynblyjn9ggzhzntwyw2sx3c.png\" title=\"Captura de pantalla 2020-06-17 a las 13.21.15\" alt=\"Captura de pantalla 2020-06-17 a las 13.21.15\" class=\"elementor-animation-shrink\" \/>\t\t\t\t\t\t\t\t<\/a>\n\t\t\t\t\t\t\t\t\t\t\t<\/div>\n\t\t\t\t<\/div>\n\t\t\t\t<\/div>\n\t\t\t\t<div class=\"elementor-element elementor-element-deea942 elementor-widget elementor-widget-text-editor\" data-id=\"deea942\" data-element_type=\"widget\" data-widget_type=\"text-editor.default\">\n\t\t\t\t<div class=\"elementor-widget-container\">\n\t\t\t\t\t<div class=\"elementor-text-editor elementor-clearfix\"><p>Caldus\u00a0cocina caldos y salsas ecol\u00f3gicas con un aut\u00e9ntico sabor casero.<\/p><\/div>\n\t\t\t\t<\/div>\n\t\t\t\t<\/div>\n\t\t\t\t<div class=\"elementor-element elementor-element-539ccca elementor-align-center elementor-widget elementor-widget-button\" data-id=\"539ccca\" data-element_type=\"widget\" data-widget_type=\"button.default\">\n\t\t\t\t<div class=\"elementor-widget-container\">\n\t\t\t\t\t<div class=\"elementor-button-wrapper\">\n\t\t\t<a href=\"http:\/\/www.caldus.bio\" target=\"_blank\" class=\"elementor-button-link elementor-button elementor-size-sm elementor-animation-shrink\" role=\"button\">\n\t\t\t\t\t\t<span class=\"elementor-button-content-wrapper\">\n\t\t\t\t\t\t<span class=\"elementor-button-text\">Ver m\u00e1s<\/span>\n\t\t<\/span>\n\t\t\t\t\t<\/a>\n\t\t<\/div>\n\t\t\t\t<\/div>\n\t\t\t\t<\/div>\n\t\t\t\t\t<\/div>\n\t\t<\/div>\n\t\t\t\t<div class=\"elementor-column elementor-col-33 elementor-top-column elementor-element elementor-element-0c85062\" data-id=\"0c85062\" data-element_type=\"column\" data-settings=\"{&quot;background_background&quot;:&quot;classic&quot;}\">\n\t\t\t<div class=\"elementor-widget-wrap elementor-element-populated\">\n\t\t\t\t\t\t\t\t<div class=\"elementor-element elementor-element-273b80f elementor-widget elementor-widget-image\" data-id=\"273b80f\" data-element_type=\"widget\" data-widget_type=\"image.default\">\n\t\t\t\t<div class=\"elementor-widget-container\">\n\t\t\t\t\t<div class=\"elementor-image\">\n\t\t\t\t\t\t\t\t\t\t\t<a href=\"http:\/\/www.margot.bio\">\n\t\t\t\t\t\t\t<img width=\"306\" height=\"139\" src=\"https:\/\/biocibus.bio\/wp-content\/uploads\/2021\/03\/Logo-03-1.png\" class=\"attachment-large size-large\" alt=\"\" loading=\"lazy\" srcset=\"https:\/\/biocibus.bio\/wp-content\/uploads\/2021\/03\/Logo-03-1.png 306w, https:\/\/biocibus.bio\/wp-content\/uploads\/2021\/03\/Logo-03-1-300x136.png 300w\" sizes=\"(max-width: 306px) 100vw, 306px\" style=\"width:100%;height:45.42%;max-width:306px;\" \/>\t\t\t\t\t\t\t\t<\/a>\n\t\t\t\t\t\t\t\t\t\t\t<\/div>\n\t\t\t\t<\/div>\n\t\t\t\t<\/div>\n\t\t\t\t<div class=\"elementor-element elementor-element-18818bd elementor-invisible elementor-widget elementor-widget-image\" data-id=\"18818bd\" data-element_type=\"widget\" data-settings=\"{&quot;_animation&quot;:&quot;fadeIn&quot;}\" data-widget_type=\"image.default\">\n\t\t\t\t<div class=\"elementor-widget-container\">\n\t\t\t\t\t<div class=\"elementor-image\">\n\t\t\t\t\t\t\t\t\t\t\t<a href=\"http:\/\/www.margot.bio\" target=\"_blank\">\n\t\t\t\t\t\t\t<img src=\"https:\/\/biocibus.bio\/wp-content\/uploads\/elementor\/thumbs\/Margot_patebolets-3-1-1-p2kgp4ll1ii4qi72h334n5e1otqib3yjtebpixyxs8.jpg\" title=\"Margot_patebolets-3-\" alt=\"Margot_patebolets-3-\" class=\"elementor-animation-shrink\" \/>\t\t\t\t\t\t\t\t<\/a>\n\t\t\t\t\t\t\t\t\t\t\t<\/div>\n\t\t\t\t<\/div>\n\t\t\t\t<\/div>\n\t\t\t\t<div class=\"elementor-element elementor-element-04edc59 elementor-widget elementor-widget-text-editor\" data-id=\"04edc59\" data-element_type=\"widget\" data-widget_type=\"text-editor.default\">\n\t\t\t\t<div class=\"elementor-widget-container\">\n\t\t\t\t\t<div class=\"elementor-text-editor elementor-clearfix\"><p>Margot elabora pat\u00e9s y mermeladas tambi\u00e9n ecol\u00f3gicas y 100% naturales.<\/p><\/div>\n\t\t\t\t<\/div>\n\t\t\t\t<\/div>\n\t\t\t\t<div class=\"elementor-element elementor-element-a7abeac elementor-align-center elementor-widget elementor-widget-button\" data-id=\"a7abeac\" data-element_type=\"widget\" data-widget_type=\"button.default\">\n\t\t\t\t<div class=\"elementor-widget-container\">\n\t\t\t\t\t<div class=\"elementor-button-wrapper\">\n\t\t\t<a href=\"http:\/\/www.margot.bio\" target=\"_blank\" class=\"elementor-button-link elementor-button elementor-size-sm elementor-animation-shrink\" role=\"button\">\n\t\t\t\t\t\t<span class=\"elementor-button-content-wrapper\">\n\t\t\t\t\t\t<span class=\"elementor-button-text\">Ver m\u00e1s<\/span>\n\t\t<\/span>\n\t\t\t\t\t<\/a>\n\t\t<\/div>\n\t\t\t\t<\/div>\n\t\t\t\t<\/div>\n\t\t\t\t\t<\/div>\n\t\t<\/div>\n\t\t\t\t\t\t\t<\/div>\n\t\t<\/section>\n\t\t\t\t<section class=\"elementor-section elementor-top-section elementor-element elementor-element-5bd811d elementor-section-full_width elementor-section-height-default elementor-section-height-default\" data-id=\"5bd811d\" data-element_type=\"section\">\n\t\t\t\t\t\t<div class=\"elementor-container elementor-column-gap-no\">\n\t\t\t\t\t<div class=\"elementor-column elementor-col-100 elementor-top-column elementor-element elementor-element-7938f2cc\" data-id=\"7938f2cc\" data-element_type=\"column\">\n\t\t\t<div class=\"elementor-widget-wrap elementor-element-populated\">\n\t\t\t\t\t\t\t\t<div class=\"elementor-element elementor-element-a7b4c8e elementor-widget elementor-widget-text-editor\" data-id=\"a7b4c8e\" data-element_type=\"widget\" data-widget_type=\"text-editor.default\">\n\t\t\t\t<div class=\"elementor-widget-container\">\n\t\t\t\t\t<div class=\"elementor-text-editor elementor-clearfix\"><p>Cont\u00e1ctanos<\/p><\/div>\n\t\t\t\t<\/div>\n\t\t\t\t<\/div>\n\t\t\t\t<div class=\"elementor-element elementor-element-fae00de elementor-widget-divider--view-line elementor-widget elementor-widget-divider\" data-id=\"fae00de\" data-element_type=\"widget\" data-widget_type=\"divider.default\">\n\t\t\t\t<div class=\"elementor-widget-container\">\n\t\t\t\t\t<div class=\"elementor-divider\">\n\t\t\t<span class=\"elementor-divider-separator\">\n\t\t\t\t\t\t<\/span>\n\t\t<\/div>\n\t\t\t\t<\/div>\n\t\t\t\t<\/div>\n\t\t\t\t<section class=\"elementor-section elementor-inner-section elementor-element elementor-element-6d8b5828 elementor-section-content-middle elementor-section-boxed elementor-section-height-default elementor-section-height-default elementor-invisible\" data-id=\"6d8b5828\" data-element_type=\"section\" data-settings=\"{&quot;animation&quot;:&quot;fadeIn&quot;}\">\n\t\t\t\t\t\t<div class=\"elementor-container elementor-column-gap-no\">\n\t\t\t\t\t<div class=\"elementor-column elementor-col-33 elementor-inner-column elementor-element elementor-element-2785ef71\" data-id=\"2785ef71\" data-element_type=\"column\">\n\t\t\t<div class=\"elementor-widget-wrap elementor-element-populated\">\n\t\t\t\t\t\t\t\t<div class=\"elementor-element elementor-element-dc6b491 elementor-widget elementor-widget-heading\" data-id=\"dc6b491\" data-element_type=\"widget\" data-widget_type=\"heading.default\">\n\t\t\t\t<div class=\"elementor-widget-container\">\n\t\t\t<h6 class=\"elementor-heading-title elementor-size-default\">Tel\u00e9fono<\/h6>\t\t<\/div>\n\t\t\t\t<\/div>\n\t\t\t\t<div class=\"elementor-element elementor-element-003a9c2 elementor-widget elementor-widget-text-editor\" data-id=\"003a9c2\" data-element_type=\"widget\" data-widget_type=\"text-editor.default\">\n\t\t\t\t<div class=\"elementor-widget-container\">\n\t\t\t\t\t<div class=\"elementor-text-editor elementor-clearfix\"><p>T. 93 514 21 49<\/p><p>M. 678 70 57 52<\/p><p>\u00a0<\/p><\/div>\n\t\t\t\t<\/div>\n\t\t\t\t<\/div>\n\t\t\t\t\t<\/div>\n\t\t<\/div>\n\t\t\t\t<div class=\"elementor-column elementor-col-33 elementor-inner-column elementor-element elementor-element-15f0677f\" data-id=\"15f0677f\" data-element_type=\"column\">\n\t\t\t<div class=\"elementor-widget-wrap elementor-element-populated\">\n\t\t\t\t\t\t\t\t<div class=\"elementor-element elementor-element-e03e5d0 elementor-widget elementor-widget-heading\" data-id=\"e03e5d0\" data-element_type=\"widget\" data-widget_type=\"heading.default\">\n\t\t\t\t<div class=\"elementor-widget-container\">\n\t\t\t<h6 class=\"elementor-heading-title elementor-size-default\">Direcci\u00f3n<\/h6>\t\t<\/div>\n\t\t\t\t<\/div>\n\t\t\t\t<div class=\"elementor-element elementor-element-210ec807 elementor-widget elementor-widget-text-editor\" data-id=\"210ec807\" data-element_type=\"widget\" data-widget_type=\"text-editor.default\">\n\t\t\t\t<div class=\"elementor-widget-container\">\n\t\t\t\t\t<div class=\"elementor-text-editor elementor-clearfix\"><p>Pol. Ind. Montguit<\/p>\n<p>C\/Roca Nau A2<\/p><p>L&#8217;Atmella del Vall\u00e8s<\/p><\/div>\n\t\t\t\t<\/div>\n\t\t\t\t<\/div>\n\t\t\t\t\t<\/div>\n\t\t<\/div>\n\t\t\t\t<div class=\"elementor-column elementor-col-33 elementor-inner-column elementor-element elementor-element-77eb192\" data-id=\"77eb192\" data-element_type=\"column\">\n\t\t\t<div class=\"elementor-widget-wrap elementor-element-populated\">\n\t\t\t\t\t\t\t\t<div class=\"elementor-element elementor-element-512b638 elementor-widget elementor-widget-heading\" data-id=\"512b638\" data-element_type=\"widget\" data-widget_type=\"heading.default\">\n\t\t\t\t<div class=\"elementor-widget-container\">\n\t\t\t<h6 class=\"elementor-heading-title elementor-size-default\">E-mail<\/h6>\t\t<\/div>\n\t\t\t\t<\/div>\n\t\t\t\t<div class=\"elementor-element elementor-element-2498b22 elementor-widget elementor-widget-text-editor\" data-id=\"2498b22\" data-element_type=\"widget\" data-widget_type=\"text-editor.default\">\n\t\t\t\t<div class=\"elementor-widget-container\">\n\t\t\t\t\t<div class=\"elementor-text-editor elementor-clearfix\"><p><a href=\"mailto:biocibus@biocibus.bio\">biocibus@biocibus.bio<\/a><\/p><\/div>\n\t\t\t\t<\/div>\n\t\t\t\t<\/div>\n\t\t\t\t\t<\/div>\n\t\t<\/div>\n\t\t\t\t\t\t\t<\/div>\n\t\t<\/section>\n\t\t\t\t\t<\/div>\n\t\t<\/div>\n\t\t\t\t\t\t\t<\/div>\n\t\t<\/section>\n\t\t\t\t<section class=\"elementor-section elementor-top-section elementor-element elementor-element-29b6692 elementor-section-boxed elementor-section-height-default elementor-section-height-default\" data-id=\"29b6692\" data-element_type=\"section\">\n\t\t\t\t\t\t<div class=\"elementor-container elementor-column-gap-default\">\n\t\t\t\t\t<div class=\"elementor-column elementor-col-100 elementor-top-column elementor-element elementor-element-e0049cf\" data-id=\"e0049cf\" data-element_type=\"column\">\n\t\t\t<div class=\"elementor-widget-wrap elementor-element-populated\">\n\t\t\t\t\t\t\t\t<div class=\"elementor-element elementor-element-d726571 elementor-widget elementor-widget-heading\" data-id=\"d726571\" data-element_type=\"widget\" data-widget_type=\"heading.default\">\n\t\t\t\t<div class=\"elementor-widget-container\">\n\t\t\t<h6 class=\"elementor-heading-title elementor-size-default\">BIOCIBUS<\/h6>\t\t<\/div>\n\t\t\t\t<\/div>\n\t\t\t\t<div class=\"elementor-element elementor-element-2c2f79f elementor-align-center elementor-widget elementor-widget-bdt-scroll-button\" data-id=\"2c2f79f\" data-element_type=\"widget\" data-widget_type=\"bdt-scroll-button.default\">\n\t\t\t\t<div class=\"elementor-widget-container\">\n\t\t\t\t\t<div class=\"bdt-scroll-button-wrapper\">\n\t\t\t<button class=\"bdt-scroll-button bdt-button bdt-button-primary\" data-settings=\"{&quot;duration&quot;:500,&quot;offset&quot;:200}\" data-selector=\"#my-header\">\n\t\t\t\t\t\t<span class=\"bdt-scroll-button-content-wrapper\">\n\t\t\t\t\t\t<span class=\"bdt-scroll-button-align-icon-right\">\n\n\t\t\t\t<i aria-hidden=\"true\" class=\"fa-fw fas fa-angle-up\"><\/i>\n\t\t\t<\/span>\n\t\t\t\t\t\t<span class=\"bdt-scroll-button-text\"><\/span>\n\t\t<\/span>\n\t\t\t\t\t<\/button>\n\t\t<\/div>\n\n\t\t\t\t<\/div>\n\t\t\t\t<\/div>\n\t\t\t\t\t<\/div>\n\t\t<\/div>\n\t\t\t\t\t\t\t<\/div>\n\t\t<\/section>\n\t\t\t\t\t\t<\/div>\n\t\t\t\t\t<\/div>\n\t\t","protected":false},"excerpt":{"rendered":"<p>BIOCIBUS Somos una empresa familiar, con una larga tradici\u00f3n en la elaboraci\u00f3n de alimentos mediante procesos artesanales. Somos calidad, elaboramos caldos, salsas,\u00a0pat\u00e9s\u00a0y mermeladas\u00a0100% ecol\u00f3gicas Tres marcas con un mismo origen y una misma filosof\u00eda: Ofrecer la m\u00e1xima calidad, con los mejores ingredientes, ecol\u00f3gicos y de proximidad. \u00a0 \u00a0 Hemos conservado muchas de las recetas tradicionales,&hellip; <a class=\"more-link\" href=\"https:\/\/biocibus.bio\/?page_id=75\">Seguir leyendo <span class=\"screen-reader-text\">Biocibus ES<\/span><\/a><\/p>\n","protected":false},"author":1,"featured_media":0,"parent":0,"menu_order":0,"comment_status":"closed","ping_status":"open","template":"elementor_canvas","meta":[],"_links":{"self":[{"href":"https:\/\/biocibus.bio\/index.php?rest_route=\/wp\/v2\/pages\/75"}],"collection":[{"href":"https:\/\/biocibus.bio\/index.php?rest_route=\/wp\/v2\/pages"}],"about":[{"href":"https:\/\/biocibus.bio\/index.php?rest_route=\/wp\/v2\/types\/page"}],"author":[{"embeddable":true,"href":"https:\/\/biocibus.bio\/index.php?rest_route=\/wp\/v2\/users\/1"}],"replies":[{"embeddable":true,"href":"https:\/\/biocibus.bio\/index.php?rest_route=%2Fwp%2Fv2%2Fcomments&post=75"}],"version-history":[{"count":28,"href":"https:\/\/biocibus.bio\/index.php?rest_route=\/wp\/v2\/pages\/75\/revisions"}],"predecessor-version":[{"id":186,"href":"https:\/\/biocibus.bio\/index.php?rest_route=\/wp\/v2\/pages\/75\/revisions\/186"}],"wp:attachment":[{"href":"https:\/\/biocibus.bio\/index.php?rest_route=%2Fwp%2Fv2%2Fmedia&parent=75"}],"curies":[{"name":"wp","href":"https:\/\/api.w.org\/{rel}","templated":true}]}}